f 12 + (12 - 14) - 1?
9
What is -3 + 6 + (7 - -2) + -17?
-5
Calculate 4 - (0 - 2 - -2 - 1).
5
Calculate 10 + -4 - 10 - -7.
3
What is -4 - (2 + -6) - -1?
1
Evaluate 4 + (-1 - -1) - 6.
-2
What is the value of -1 - ((-2 - (0 - -2)) + 2)?
1
Evaluate -2 - (-1 - 2) - (-141 + 140).
2
What is the value of -4 - 8 - -10 - -2?
0
What is (-4 + -4 - -7) + -4?
-5
What is the value of -21 + 30 + -3 + -1?
5
Evaluate 0 - (5 - (-5 - -7)).
-3
What is 11 + (-5 + 0 - (-2 - 3))?
11
3 + (7 - 2 - (-34 - -44))
-2
Evaluate -1 - (2 + -9) - 5.
1
Evaluate -1 + -3 + (-1 - -2).
-3
Evaluate -18 + 26 - (-1 - -2 - 0).
7
What is the value of 0 - (2 + (-9 - -3)) - 2?
2
Evaluate -2 - (3 - (8 + 4)).
7
What is the value of 2 - (-12 + 5) - 6?
3
What is (-2 + 4 - (2 - 1)) + -4?
-3
3 - 0 - (1 + 1 + 1)
0
Calculate 8 + -4 + 2 + -4.
2
1 - ((7 - -2) + (-5 - -2))
-5
Calculate 12 + -1 + -35 + 24.
0
What is 3 - (-7 - -10) - 7?
-7
What is the value of -5 - (-1 + 0 + (7 - 12))?
1
Evaluate 5 + (5 - (-1 - 3 - -7)).
7
Evaluate -2 - ((-7 - -4) + 7).
-6
Evaluate (8 - 0) + (-5 - -1) + -2.
2
Calculate -2 + -6 + (12 - 1).
3
Calculate 7 + -7 - (2 - (3 + -1)).
0
What is the value of (-1 - -2) + -6 - -9?
4
What is the value of 10 - (3 + 6 + -4) - 3?
2
Calculate (21 + -27 - (0 - 1)) + 1.
-4
What is the value of -5 + 2 - (-4 + 8 + -3)?
-4
What is -12 - -9 - (4 + -1)?
-6
What is the value of (-10 - -7) + (-8 - -9)?
-2
Evaluate 1 + (3 - 2) - (-2 + 7).
-3
What is the value of (-1 - 3) + -31 + 33?
-2
Calculate 1 + 1 + 0 + -1 + 6.
7
What is the value of -2 - (-1 + -7 + (0 - -2))?
4
What is the value of -9 - (2 - (3 + -1 + 4))?
-5
-3 - (-3 - (1 + -4))
-3
What is -3 - (-3 - 5 - -3)?
2
(3 - (-6 + 7 + 0)) + 4
6
Evaluate 2 + -1 + -3 - -6.
4
What is the value of 542 + -542 - (-2 + 1 + -2)?
3
What is the value of 15 + 19 + -11 + -18?
5
Evaluate (-3 - (-4 + 8)) + (7 - 2).
-2
What is 0 + (1 - 6 - -3)?
-2
Calculate 6 - -1 - (-27 + 29).
5
What is (4 - 6) + (9 - 2)?
5
What is -4 + 0 - 2 - -2?
-4
Calculate (-6 - (-4 - 0)) + 6.
4
4 + (-2 - -5) + -3 + -2
2
Calculate 3 + 3 + -2 + 1.
5
What is the value of 1 + 0 + (3 + -5 - 0)?
-1
-3 - (-2 - 5) - 1
3
What is -9 - ((1 - -6) + -11)?
-5
What is -5 + (6 + -3 + 5 - 2)?
1
Calculate -1 + 2 - (-3 + 2 + 2).
0
Evaluate 4 + -6 + -3 - (-1 + 1).
-5
What is 2 - (6 + -4) - (1 - 0)?
-1
Evaluate -3 - (-2 + -5 + 8).
-4
(24 - 16) + (-11 - 1)
-4
Calculate -3 + -5 + 4 - -4.
0
What is 0 - 6 - (3 - (-11 - -20))?
0
Evaluate 4 - (6 - (11 + -6)).
3
What is the value of 1 + -13 - (13 + -29 + 14)?
-10
What is the value of 2 + -8 - (6 + -10)?
-2
-4 - (-7 - (-12 - (-8 + 0)))
-1
What is 1 - -1 - (-7 + (18 - 8))?
-1
What is the value of -7 - (10 + -4 + -13)?
0
Evaluate (11 - (7 + 1)) + -9.
-6
Evaluate (-3 - -1 - -3) + (3 - 2).
2
What is -1 + (-6 - -14) + 1?
8
Calculate 18 - 15 - (6 - 1).
-2
What is 7 + (0 + -1 - (8 + -3))?
1
0 + 3 - (31 - 12) - -7
-9
-4 + 2 + 1 + -1
-2
What is the value of 2 - (2 - 5 - (-4 - 1))?
0
Evaluate 1 + 4 + (3 - 9).
-1
What is 0 - (1 + -1 - -2) - 2?
-4
(0 - 4) + 5 + 0 + 3
4
What is (-12 - -16) + (1 - -1) + -1?
5
What is -2 + -4 + -1 - (3 - 10)?
0
2 - (8 - (6 - -1))
1
7 + (-2 - 6) + (-4 - -1)
-4
Calculate 0 + 0 - (-4 - -10).
-6
Calculate (-2 - -2) + -3 + 6.
3
What is the value of 7 + 1 + -13 + 2?
-3
What is the value of -6 - ((3 - 3) + -5) - 0?
-1
Evaluate -199 + 182 + (8 - -1).
-8
Calculate -23 + 18 - (1 - 3).
-3
What is the value of -29 + 28 - (-1 + -2)?
2
(-2 - (-6 + 6)) + 0
-2
What is the value of 4 + -6 + (7 - (-6 - -4))?
7
Evaluate -11 - (0 - (-3 - -9)).
-5
What is the value of (-7 + 2 - -5) + 2 + 1?
3
Calculate -5 + 2 + -2 + (3 - -1).
-1
What is (1 - -4) + 16 + -25?
-4
What is the value of -6 + 12 + -15 - -4?
-5
Calculate 2 + 3 - (-2 + -3 + 14).
-4
Calculate 4 + (1 - (-4 + 12)).
-3
Calculate 24 + -7 + -11 - 7.
-1
-3 - 0 - (8 + (-13 - -7))
-5
What is -2 - (-4 + (9 - 10))?
3
Evaluate (14 + -2 - 4) + (-3 - 6).
-1
10 - -3 - 7 - (17 + -7)
-4
What is the value of -15 - (11 + -15) - (-5 - 1)?
-5
What is the value of 0 - (-4 + -8 + 5)?
7
What is (5 - -4) + -13 - (3 + -4)?
-3
Calculate -6 - (0 - 1) - (-141 + 142).
-6
What is the value of (3 - -1) + -4 + (7 - 0)?
7
What is 0 + (9 - 3) + 0 - 3?
3
Calculate (-9 - (-14 + 7)) + 9.
7
What is 141 + -149 - ((-4 - -1) + 1)?
-6
What is the value of -1 - (-4 - -8) - (-4 - -2)?
-3
Calculate -11 - 2 - (-34 - -29).
-8
What is the value of (-2 - 1) + (-6 - -2) + 6?
-1
Calculate 2 + 5 + -5 + -3.
-1
Evaluate -4 - (-2 + 4 - 4).
-2
What is the value of 59 - 71 - (-1 + -21)?
10
What is the value of 5 + -10 - (-3 - -3)?
-5
What is the value of -4 + (8 + 2 - -1)?
7
Evaluate -7 - -14 - -5 - 11.
1
What is the value of -35 - -30 - (-2 - 3)?
0
Calculate -3 - (-13 + -2) - 11.
1
Calculate 4 - (2 + 1 + -2) - 0.
3
What is (0 - 1) + (0 - -2)?
1
Calculate (-17 - -9 - -7) + 6.
5
-14 + 5 + 16 + -2
5
What is 4 + -9 + 3 + -2?
-4
What is the value of -3 - -12 - (51 + -42)?
0
Evaluate 1 + 1 + (-6 + 2 - -7).
5
Evaluate -10 - (0 - 2) - (13 - 15).
-6
Evaluate -10 - (-7 - ((-14 - -4) + 5)).
-8
4 - -1 - (-123 + 122)
6
What is -4 - (1 - 6 - -4)?
-3
2 + -2 - ((0 - 11) + 15)
-4
Calculate -3 + 6 + (-11 - -7) + 10.
9
-3 + 9 + -6 + 5
5
What is (4 - 1 - 1) + -3 - 2?
-3
-3 + (-9 - -7) + 0
-5
Calculate -2 + 0 - (5 + -10) - 1.
2
What is -5 - (-11 - -12 - -1)?
-7
What is (9 + -12 - 2) + (-5 - -2)?
-8
What is -5 + 8 + (-2 - (1 + -2))?
2
What is the value of (-8 - (-4 - -1)) + 8 - 0?
3
Evaluate -1 + 10 + (-1 - 1) + -3.
4
What is the value of (-1 - (-2 - 0)) + (-4 - -1)?
-2
-4 - ((-6 - -4) + -4)
2
Calculate (3 - (-7 - -8)) + 1 + -6.
-3
Calculate (-10 - -19) + -6 - 4.
-1
Calculate 2 + -11 - (15 + -11 + -11).
-2
(-2 - -3 - -3) + -3
1
What is the value of (-47 - -39) + 11 + -2 + 0?
1
Evaluate (-11 - -15) + (2 - 1).
5
Calculate -22 + 20 - (-4 - 2).
4
Evaluate -5 + (-4 - -5) - (1 + -4).
-1
What is -2 - (-1 + -3 + 2 - 6)?
6
Calculate -9 + 16 + -6 - -3.
4
Evaluate (2 + -3 + 3 - 3) + -4.
-5
Calculate -5 - 4 - (7 - 11).
-5
-5 + 6 + -1 + 1 + -8
-7
Calculate -1 - -4 - (14 - 14).
3
Evaluate (-6 - -19) + (-34 - -15).
-6
-1 - (11 - 1 - 9)
-2
Calculate -70 - -73 - (0 - 4).
7
-3 - (-2 + (0 - 6)) - -2
7
Evaluate -13 - (2 + -11) - -6.
2
Evaluate 1 + (-2 - -1) + 1.
1
Calculate -10 + -1 + 1 - -4 - -14.
8
Calculate (1 - 7) + (5 - 0).
-1
-4 - (0 + 0 + (-6 - -7))
-5
Calculate -4 + (-6 + 5 - (-1 + 1)).
-5
What is the value of 4 + -9 - 6 - -7?
-4
What is (10 + -3 - (7 + -6)) + -6?
0
Evaluate 5 - (-2 + (-5 - -4 - -7)).
1
Evaluate -3 - (-9 + (2 + 1 - 1)).
4
(2 - 10) + 5 + (-3 - -1)
-5
What is the value of 6 + (-19 + 4 - -7) + 6?
4
What is 2 + -2 - (-13 - -13)?
0
Evaluate 2 + 4 + -2 + -9.
-5
Evaluate (-4 - (16 + -10)) + 11.
1
Evaluate 2 - -12 - (7 + (-2 - -2)).
7
2 - 4 - (0 - -3)
-5
What is -1 - 1 - -5 - (4 - 5)?
4
0 + (-6 - -3 - (0 - 7))
4
Calculate (0 - 3) + (-131 - -141).
7
(-2 - (11 - 9)) + (15 - 0)
11
4 + -5 + 1 + (0 - 3)
-3
What is the value of 31 + -27 - (-1 + (1 - -9))?
-5
-2 + 7 + -9 + -3
-7
-6 + 5 - (-5 - -2)
2
(-8 + 14 - -7) + -8
5
What is the value of 2 + -2 - (6 + -11)?
5
-1 + (-4 - -7) + -4
-2
What is (0 + -1 - 3) + (9 - 1)?
4
Evaluate (3 - -8) + -24 + 17.
4
2 + (-3 + -3 - (-1 + -2))
-1
Evaluate (0 - -5) + -5 - 1.
-1
-4 + -1 + 14 + -13
-4
What is 2 + (-3 - -4) - -1 - 2?
2
What is the value of (-5 + 1 - -7) + -8?
-5
Evaluate -4 + 2 - (-5 + 1) - -3.
5
(13 - 17) + 3 + 0 + -1
-2
Calculate -41 + 39 - (1 - 2 - 0).
-1
What is 6 - (2 - (-5 + 5 + 1))?
5
Calculate -1 + 10 - (7 - -1 - 4).
5
6 - (-1 + -4 + 10)
1
-11 - (-12 + 15 - 16)
2
0 - -5 - ((3 - 6) + 5)
3
What is the value of (11 - 5) + 0 + (0 - 2)?
4
What is the value of 0 + (-4 - (5 + -5 + 0))?
-4
Evaluate -4 - (-2 + (-6 - -4)).
0
Evaluate 7 - 2 - 4 - (-1 - 1).
3
What is the value of 1 + (-2 - (-2 + 2))?
-1
What is -1 + (1 + (-2 - -3) - -3)?
4
What is the value of -2 + -2 + (-2 - (-8 - 2))?
4
Evaluate (1 - -10 - 6) + 3 + 0.
8
What is -19 - -20 - (3 - 6)?
4
What is (-6 + 11 - -9) + -9?
5
What is -1 + (-6 - (-3 - 7) - 0)?
3
13 + (-8 - -7 - 7)
5
-13 + (-9 - (-10 + -19))
7
-39 + 29 + (1 - -4)
-5
Evaluate (8 - 10) + -6 - -6.
-2
(5 - 8 - -8) + -4
1
Evaluate -2 + 1 - (3 + 8 - 14).
2
What is -12 + 15 - (6 + (2 - 3))?
-2
Evaluate -2 + 0 - (-3 + -1 + 2).
0
What is the value of 2 - (-3 + 6 + -3)?
2
Evaluate (17 - 5) + -1 + -2.
9
What is the value of 6 + (4 - 7) + 1?
4